{"id":626,"date":"2018-01-03T17:06:39","date_gmt":"2018-01-03T16:06:39","guid":{"rendered":"http:\/\/farmvix.eu\/?page_id=626"},"modified":"2020-03-25T16:02:21","modified_gmt":"2020-03-25T15:02:21","slug":"huba-brzozowa-2-2-2-2-2-2-3-2","status":"publish","type":"page","link":"https:\/\/farmvix.eu\/?page_id=626","title":{"rendered":"TARCZYCA BAJKALSKA"},"content":{"rendered":"<div id=\"themify_builder_content-626\" data-postid=\"626\" class=\"themify_builder_content themify_builder_content-626 themify_builder themify_builder_front\">\n\n\t\t\t\t<!-- module_row -->\n\t\t\t<div  data-gutter=\"gutter-default\" class=\"themify_builder_row themify_builder_626_row module_row module_row_0 module_row_626-0 clearfix gutter-default col_align_top wow fadeIn\" data-equal-column-height=\"\" data-column-alignment=\"col_align_top\">\n\n\t\t\n\t\t\t\t\n\t\t\t\t<div class=\"row_inner_wrapper\">\n\t\t\t\t\t<div class=\"row_inner\">\n\n\t\t\t\t\t\t\n\t\t\t\t\t\t\n\t\t\t\t\t\t\t\n\t\t<div  class=\"col-full first tb-column  tb_626_column module_column_0 module_column_626-0-0 module_column\" >\n\n\t\t\t\n\t\t\t\n\t\t\t<div class=\"tb-column-inner\">\n\n\t\t\t\t\n\t\t\t\t\n\t\t\t\t\t\n<!-- module text -->\n<div id=\"text-626-0-0-1\" class=\"module module-text text-626-0-0-1    hide-mobile\">\n\t\n\t\n\t<div style=\"text-align: center;\"><\/div>\n\t<\/div>\n<!-- \/module text -->\n\n<!-- module text -->\n<div id=\"text-626-0-0-2\" class=\"module module-text text-626-0-0-2   wow fadeIn\">\n\t\n\t\n\t<p lang=\"pl-PL\" align=\"LEFT\"><b>TARCZYCA BAJKALSKA \u2013\u00a0<\/b>Suplement diety \u2013\u00a0Kr\u0105\u017cenie i ci\u015bnienie naczyniowe.<\/p><p lang=\"pl-PL\" align=\"LEFT\">80 tabletek. Masa netto 45,6 g.<\/p><p lang=\"pl-PL\" align=\"JUSTIFY\">Produkt zawiera ekstrakty z tarczycy bajkalskiej (<i>Scutellaria baicalensis) i\u00a0<\/i>traganka\u00a0<i><\/i>b\u0142oniastego (<i>Astragalus membranaceus)<\/i>. Tarczyca bajkalska zawiera flawonoidy; traganek \u2013 saponiny tr\u00f3jterpenowe oraz flawonoidy.<\/p><p lang=\"pl-PL\" align=\"JUSTIFY\"><b>Traganek jest tradycyjnie znany ze wspomagania kr\u0105\u017cenia krwi i ci\u015bnienia naczyniowego.\u00a0<\/b>Pomaga utrzyma\u0107 zdrowy system mikronaczyniowy<b>.\u00a0<\/b>Wspiera naturalny system obronny organizmu. Utrzymuje fizjologiczn\u0105 odporno\u015b\u0107 organizmu w przypadku dotkliwych warunk\u00f3w otoczenia. Wykazuje aktywno\u015b\u0107 przeciwoksydacyjn\u0105<br \/>i przeciwstarzeniow\u0105.\u00a0Przyczynia si\u0119 do zachowania zdolno\u015bci adaptacyjnych. Tradycyjnie dobrze znany ze swoich w\u0142a\u015bciwo\u015bci wzmacniaj\u0105cych i pobudzaj\u0105cych. Przyczynia si\u0119 do fizycznego i mentalnego dobrego samopoczucia.<\/p><p align=\"JUSTIFY\"><b>Przeci\u0119tna zawarto\u015b\u0107 sk\u0142adnik\u00f3w<\/b>\u00a0wykazuj\u0105cych efekt fizjologiczny w dziennej porcji produktu (dwie tabletki):<\/p><p align=\"JUSTIFY\">\u2013 ekstrakt z korzenia tarczycy bajkalskiej: 150 mg \u2013 \u2014 % RWS 2 tabletki;<\/p><p align=\"JUSTIFY\">75 mg \u2013 \u2014 % RWS 1 tabletka;<\/p><p align=\"JUSTIFY\">\u2013 ekstrakt z korzenia traganka b\u0142oniastego: 150 mg \u2013 \u2014 % RWS 2 tabletki;<\/p><p align=\"JUSTIFY\">75 mg \u2013 \u2014 % RWS 1 tabletka;<\/p><p align=\"JUSTIFY\">(RWS \u2013 referencyjna warto\u015b\u0107 spo\u017cycia.)<\/p><p align=\"JUSTIFY\"><b>Sk\u0142ad<\/b>: substancja wype\u0142niaj\u0105ca: celuloza mikrokrystaliczna; ekstrakt z korzenia tarczycy bajkalskiej (<i>Scutellaria baicalensis Radix\u00a0<\/i>DER 10:1); ekstrakt z korzenia traganka b\u0142oniastego (<i>Astragalus membranaceus Radix<\/i>\u00a0DER 10:1, 50% polisacharyd\u00f3w); substancja stabilizuj\u0105ca: fosforan diwapniowy; substancja wi\u0105\u017c\u0105ca: polivinylopirolidon; substancja przeciwzbrylaj\u0105ca: stearynian magnezu.<\/p><p align=\"JUSTIFY\"><b>Zalecane spo\u017cycie<\/b>:<i>\u00a0<\/i>2 tabletki dziennie po po\u0142udniu, popi\u0107 wod\u0105. Nie nale\u017cy przekracza\u0107 zalecanej dziennej porcji.<\/p><p align=\"JUSTIFY\"><b>Uwaga<\/b>: Produkt przeznaczony dla doros\u0142ych. Spo\u017cywanie produktu jest niewskazane<br \/>dla kobiet w ci\u0105\u017cy, dzieci i m\u0142odzie\u017cy. Suplement diety nie mo\u017ce by\u0107 stosowany jako substytut zr\u00f3\u017cnicowanej i zbilansowanej diety oraz nie zast\u0105pi zdrowego trybu \u017cycia. Przechowywa\u0107 w suchym miejscu, w temperaturze pokojowej, w spos\u00f3b niedost\u0119pny dla ma\u0142ych dzieci.<\/p>\n\t<\/div>\n<!-- \/module text -->\n\n\t\t\t\t\n\t\t\t<\/div><!-- \/.tb-column-inner -->\n\t\t\t\t\t<\/div>\n\t\t<!-- \/.tb-column -->\n\t\t\n\t\t\n\t\t\t\t\t\t\t\t\n\t\t\t\t\t\t\t\t\n\t\t\t\t\t\t\t\n\t\t\t\t\t\t<\/div>\n\t\t\t\t\t\t<!-- \/row_inner -->\n\t\t\t\t\t<\/div>\n\t\t\t\t\t<!-- \/row_inner_wrapper -->\n\t\t\t\t<\/div>\n\t\t\t\t<!-- \/module_row -->\n\t\t\t\t\t<!-- module_row -->\n\t\t\t<div  data-gutter=\"gutter-default\" class=\"themify_builder_row themify_builder_626_row module_row module_row_1 module_row_626-1 clearfix gutter-default col_align_middle\" data-equal-column-height=\"\" data-column-alignment=\"col_align_middle\">\n\n\t\t\n\t\t\t\t\n\t\t\t\t<div class=\"row_inner_wrapper\">\n\t\t\t\t\t<div class=\"row_inner\">\n\n\t\t\t\t\t\t\n\t\t\t\t\t\t\n\t\t\t\t\t\t\t\n\t\t<div  class=\"col3-1 first tb-column empty-column tb_626_column module_column_0 module_column_626-1-0 module_column\" >\n\n\t\t\t\n\t\t\t\n\t\t\t<div class=\"tb-column-inner\">\n\n\t\t\t\t\n\t\t\t\t\n\t\t\t\t\t&nbsp;\n\t\t\t\t\n\t\t\t<\/div><!-- \/.tb-column-inner -->\n\t\t\t\t\t<\/div>\n\t\t<!-- \/.tb-column -->\n\t\t\n\t\t\n\t\t<div  class=\"col3-1 middle tb-column  tb_626_column module_column_1 module_column_626-1-1 module_column\" >\n\n\t\t\t\n\t\t\t\n\t\t\t<div class=\"tb-column-inner\">\n\n\t\t\t\t\n\t\t\t\t\n\t\t\t\t\t\n\t<!-- module image -->\n\t<div id=\"image-626-1-1-1\" class=\"module module-image image-626-1-1-1   image-center  \">\n\n\t\t\n\t\t\n\t\t<div class=\"image-wrap\">\n\t\t\t\t\t\t\t<img decoding=\"async\" src=\"http:\/\/farmvix.eu\/wp-content\/uploads\/2020\/03\/Tarczyca-Bajkalska.png\" width=\"200\" alt=\"TARCZYCA BAJKALSKA\" \/>\t\t\t\n\t\t\t\t\t\t<\/div>\n\t\t\t<!-- \/image-wrap -->\n\t\t\n\t\t\n\t\t\n\t\t<\/div>\n\t<!-- \/module image -->\n\n\n\t\t\t\t\n\t\t\t<\/div><!-- \/.tb-column-inner -->\n\t\t\t\t\t<\/div>\n\t\t<!-- \/.tb-column -->\n\t\t\n\t\t\n\t\t<div  class=\"col3-1 last tb-column empty-column tb_626_column module_column_2 module_column_626-1-2 module_column\" >\n\n\t\t\t\n\t\t\t\n\t\t\t<div class=\"tb-column-inner\">\n\n\t\t\t\t\n\t\t\t\t\n\t\t\t\t\t&nbsp;\n\t\t\t\t\n\t\t\t<\/div><!-- \/.tb-column-inner -->\n\t\t\t\t\t<\/div>\n\t\t<!-- \/.tb-column -->\n\t\t\n\t\t\n\t\t\t\t\t\t\t\t\n\t\t\t\t\t\t\t\t\n\t\t\t\t\t\t\t\n\t\t\t\t\t\t<\/div>\n\t\t\t\t\t\t<!-- \/row_inner -->\n\t\t\t\t\t<\/div>\n\t\t\t\t\t<!-- \/row_inner_wrapper -->\n\t\t\t\t<\/div>\n\t\t\t\t<!-- \/module_row -->\n\t\t\t\t\t<!-- module_row -->\n\t\t\t<div  data-gutter=\"gutter-default\" class=\"themify_builder_row themify_builder_626_row module_row module_row_2 module_row_626-2 clearfix gutter-default col_align_top\" data-equal-column-height=\"\" data-column-alignment=\"col_align_top\">\n\n\t\t\n\t\t\t\t\n\t\t\t\t<div class=\"row_inner_wrapper\">\n\t\t\t\t\t<div class=\"row_inner\">\n\n\t\t\t\t\t\t\n\t\t\t\t\t\t\n\t\t\t\t\t\t\t\n\t\t<div  class=\"col-full first tb-column  tb_626_column module_column_0 module_column_626-2-0 module_column\" >\n\n\t\t\t\n\t\t\t\n\t\t\t<div class=\"tb-column-inner\">\n\n\t\t\t\t\n\t\t\t\t\n\t\t\t\t\t\n\n    <!-- module menu -->\n    <div id=\"menu-626-2-0-1\" class=\"module module-menu menu-626-2-0-1  \">\n        \n        <div class=\"menu-oferta-container\"><ul id=\"menu-oferta\" class=\"ui nav fullwidth transparent  \"><li id=\"menu-item-238\" class=\"menu-item menu-item-type-post_type menu-item-object-page menu-item-home menu-item-238\"><a href=\"https:\/\/farmvix.eu\/\"><i class=\"fa fa-desktop\"><\/i> STRONA G\u0141\u00d3WNA<\/a><\/li>\n<li id=\"menu-item-655\" class=\"menu-item menu-item-type-post_type menu-item-object-page menu-item-655\"><a href=\"https:\/\/farmvix.eu\/?page_id=649\"><i class=\"fa fa-chevron-circle-right\"><\/i> MA\u015aCI<\/a><\/li>\n<li id=\"menu-item-906\" class=\"menu-item menu-item-type-post_type menu-item-object-page menu-item-906\"><a href=\"https:\/\/farmvix.eu\/?page_id=902\"><i class=\"fa fa-chevron-circle-right\"><\/i> \u017bELE<\/a><\/li>\n<li id=\"menu-item-236\" class=\"menu-item menu-item-type-post_type menu-item-object-page menu-item-236\"><a href=\"https:\/\/farmvix.eu\/?page_id=181\"><i class=\"fa fa-chevron-circle-right\"><\/i> KREMY<\/a><\/li>\n<li id=\"menu-item-233\" class=\"menu-item menu-item-type-post_type menu-item-object-page menu-item-233\"><a href=\"https:\/\/farmvix.eu\/?page_id=191\"><i class=\"fa fa-chevron-circle-right\"><\/i> SUPLEMENTY DIETY<\/a><\/li>\n<li id=\"menu-item-1300\" class=\"menu-item menu-item-type-custom menu-item-object-custom menu-item-1300\"><a href=\"https:\/\/gaja24.pl\/pl\/producer\/FARM-VIX\/267\">SKLEP<\/a><\/li>\n<\/ul><\/div>    <\/div>\n    <!-- \/module menu -->\n\n\n\t\t\t\t\n\t\t\t<\/div><!-- \/.tb-column-inner -->\n\t\t\t\t\t<\/div>\n\t\t<!-- \/.tb-column -->\n\t\t\n\t\t\n\t\t\t\t\t\t\t\t\n\t\t\t\t\t\t\t\t\n\t\t\t\t\t\t\t\n\t\t\t\t\t\t<\/div>\n\t\t\t\t\t\t<!-- \/row_inner -->\n\t\t\t\t\t<\/div>\n\t\t\t\t\t<!-- \/row_inner_wrapper -->\n\t\t\t\t<\/div>\n\t\t\t\t<!-- \/module_row -->\n\t\t<\/div>\n<!-- \/themify_builder_content -->","protected":false},"excerpt":{"rendered":"\n","protected":false},"author":1,"featured_media":0,"parent":191,"menu_order":0,"comment_status":"closed","ping_status":"closed","template":"","meta":{"footnotes":""},"class_list":["post-626","page","type-page","status-publish","hentry","has-post-title","has-post-date","has-post-category","has-post-tag","has-post-comment","has-post-author"],"_links":{"self":[{"href":"https:\/\/farmvix.eu\/index.php?rest_route=\/wp\/v2\/pages\/626","targetHints":{"allow":["GET"]}}],"collection":[{"href":"https:\/\/farmvix.eu\/index.php?rest_route=\/wp\/v2\/pages"}],"about":[{"href":"https:\/\/farmvix.eu\/index.php?rest_route=\/wp\/v2\/types\/page"}],"author":[{"embeddable":true,"href":"https:\/\/farmvix.eu\/index.php?rest_route=\/wp\/v2\/users\/1"}],"replies":[{"embeddable":true,"href":"https:\/\/farmvix.eu\/index.php?rest_route=%2Fwp%2Fv2%2Fcomments&post=626"}],"version-history":[{"count":0,"href":"https:\/\/farmvix.eu\/index.php?rest_route=\/wp\/v2\/pages\/626\/revisions"}],"up":[{"embeddable":true,"href":"https:\/\/farmvix.eu\/index.php?rest_route=\/wp\/v2\/pages\/191"}],"wp:attachment":[{"href":"https:\/\/farmvix.eu\/index.php?rest_route=%2Fwp%2Fv2%2Fmedia&parent=626"}],"curies":[{"name":"wp","href":"https:\/\/api.w.org\/{rel}","templated":true}]}}